{"id":208,"date":"2017-09-26T10:48:53","date_gmt":"2017-09-26T10:48:53","guid":{"rendered":"http:\/\/francoontrial.playloud.org\/?page_id=208"},"modified":"2020-07-31T15:20:28","modified_gmt":"2020-07-31T15:20:28","slug":"sinopsis","status":"publish","type":"page","link":"https:\/\/playloud.org\/francoontrial\/es\/sinopsis\/","title":{"rendered":"Sinopsis"},"content":{"rendered":"<p style=\"text-align: left;\"><span style=\"color: #ffffff;\">Tras el \u00e9xito de <em>Los colonos del Caudillo<\/em>, su primer acercamiento al legado de la dictadura franquista, en <em>La Causa contra Franco<\/em> la pareja de cineastas Dietmar Post (Alemania) y Luc\u00eda Palacios (Espa\u00f1a) dirigen su mirada hacia uno de los cap\u00edtulos m\u00e1s controvertidos de la historia europea reciente: el presunto exterminio organizado que tuvo lugar durante el golpe, la guerra y la dictadura encabezada por Franco, tras haberse hecho con el poder por la fuerza con la ayuda de Alemania, Italia y Portugal. Hasta el d\u00eda de hoy, nadie ha sido juzgado por los cr\u00edmenes cometidos ni se ha reparado a las v\u00edctimas. M\u00e1s de 100.000 personas contin\u00faan desaparecidas.<\/span><\/p>\n<p style=\"text-align: left;\"><span style=\"font-weight: 400; color: #ffffff;\">Despu\u00e9s de que el intento de Baltasar Garz\u00f3n de juzgar estos cr\u00edmenes fracasase en 2010, v\u00edctimas del franquismo presentan ese mismo a\u00f1o una querella en Buenos Aires, la conocida como \u201cQuerella Argentina\u201d. En 2013 la jueza argentina Mar\u00eda Servini emite \u00f3rdenes de detenci\u00f3n internacional contra 24 altos cargos franquistas. Los directores la acompa\u00f1an durante su primer viaje a Espa\u00f1a para tomar declaraci\u00f3n a v\u00edctimas en 2014.<\/span><\/p>\n<p style=\"text-align: left;\"><span style=\"font-weight: 400; color: #ffffff;\"><em>La causa contra Franco<\/em> presenta casos de cr\u00edmenes concretos incluidos en la Querella Argentina. Al intercalar material de archivo en parte in\u00e9dito con el metraje actual, y al contextualizar hist\u00f3rica y judicialmente cada caso, la pel\u00edcula ofrece nuevas evidencias. En una de las escenas clave, las declaraciones de uno de los imputados se contraponen con las de la querellante, la jueza de instrucci\u00f3n y la abogada defensora de las v\u00edctimas.<\/span><\/p>\n<p style=\"text-align: left;\"><span style=\"font-weight: 400; color: #ffffff;\">Luc\u00eda Palacios y Dietmar Post trabajaron en esta pel\u00edcula m\u00e1s de 10 a\u00f1os. Idearon el proyecto en 2008, cuando el juez Garz\u00f3n comenz\u00f3 a investigar los cr\u00edmenes del franquismo. Desde un principio, los cineastas tuvieron claro que era esencial hablar con las partes implicadas en un posible juicio e invitaron no solo a varios querellantes a participar en la pel\u00edcula, sino tambi\u00e9n a todos los acusados por Servini. Gracias a su insistencia, lograron establecer contacto con personas de ambos lados, incluida la hija de uno de los generales involucrados en el golpe de 1936, quien conserva un retrato enmarcado en plata del l\u00edder nazi alem\u00e1n Hermann G\u00f6ring, regalo personal de \u00e9ste a su padre. Tambi\u00e9n invitaron a participar al Rey Felipe II y al Presidente del Gobierno Mariano Rajoy, quienes rechazaron la invitaci\u00f3n.<\/span><\/p>\n<p style=\"text-align: left;\"><span style=\"font-weight: 400; color: #ffffff;\"><em>La causa contra Franco<\/em> arroja luz sobre un episodio casi olvidado de la historia europea y plantea la pregunta: \u00bfPodr\u00eda una querella presentada en Argentina desembocar en el \u00faltimo gran juicio contra una dictadura fascista del siglo XX? \u00bfEl N\u00faremberg espa\u00f1ol?<\/span><\/p>\n","protected":false},"excerpt":{"rendered":"<p>Tras el \u00e9xito de Los colonos del Caudillo, su primer acercamiento al legado de la dictadura franquista, en La Causa contra Franco la pareja de cineastas Dietmar Post (Alemania) y Luc\u00eda Palacios (Espa\u00f1a) dirigen su mirada hacia uno de los cap\u00edtulos m\u00e1s controvertidos de la historia europea reciente: el presunto exterminio organizado que tuvo lugar [&hellip;]<\/p>\n","protected":false},"author":1,"featured_media":0,"parent":0,"menu_order":0,"comment_status":"closed","ping_status":"closed","template":"page-center.php","meta":{"nf_dc_page":"","footnotes":""},"class_list":["post-208","page","type-page","status-publish","hentry"],"jetpack_sharing_enabled":true,"post_mailing_queue_ids":[],"_links":{"self":[{"href":"https:\/\/playloud.org\/francoontrial\/wp-json\/wp\/v2\/pages\/208","targetHints":{"allow":["GET"]}}],"collection":[{"href":"https:\/\/playloud.org\/francoontrial\/wp-json\/wp\/v2\/pages"}],"about":[{"href":"https:\/\/playloud.org\/francoontrial\/wp-json\/wp\/v2\/types\/page"}],"author":[{"embeddable":true,"href":"https:\/\/playloud.org\/francoontrial\/wp-json\/wp\/v2\/users\/1"}],"replies":[{"embeddable":true,"href":"https:\/\/playloud.org\/francoontrial\/wp-json\/wp\/v2\/comments?post=208"}],"version-history":[{"count":16,"href":"https:\/\/playloud.org\/francoontrial\/wp-json\/wp\/v2\/pages\/208\/revisions"}],"predecessor-version":[{"id":2379,"href":"https:\/\/playloud.org\/francoontrial\/wp-json\/wp\/v2\/pages\/208\/revisions\/2379"}],"wp:attachment":[{"href":"https:\/\/playloud.org\/francoontrial\/wp-json\/wp\/v2\/media?parent=208"}],"curies":[{"name":"wp","href":"https:\/\/api.w.org\/{rel}","templated":true}]}}